{"id":8131,"date":"2023-01-17T18:43:07","date_gmt":"2023-01-17T18:43:07","guid":{"rendered":"https:\/\/infinitipalmilhas.com.br\/?page_id=8131"},"modified":"2023-01-19T12:12:49","modified_gmt":"2023-01-19T12:12:49","slug":"analise-dos-pontos-de-pressao","status":"publish","type":"page","link":"https:\/\/infinitipalmilhas.com.br\/index.php\/avaliacao\/analise-dos-pontos-de-pressao\/","title":{"rendered":"1. An\u00e1lise dos pontos de press\u00e3o"},"content":{"rendered":"<div id=\"pl-8131\"  class=\"panel-layout\" ><div id=\"pg-8131-0\"  class=\"panel-grid panel-no-style\" ><div id=\"pgc-8131-0-0\"  class=\"panel-grid-cell\" ><div id=\"panel-8131-0-0-0\" class=\"so-panel widget widget_media_image panel-first-child\" data-index=\"0\" ><a href=\"https:\/\/infinitipalmilhas.com.br\/wp-content\/uploads\/2023\/01\/desenvolvimento-1.jpg\"><img loading=\"lazy\" decoding=\"async\" width=\"850\" height=\"567\" src=\"https:\/\/infinitipalmilhas.com.br\/wp-content\/uploads\/2023\/01\/desenvolvimento-1.jpg\" class=\"image wp-image-8140  attachment-full size-full\" alt=\"\" style=\"max-width: 100%; height: auto;\" srcset=\"https:\/\/infinitipalmilhas.com.br\/wp-content\/uploads\/2023\/01\/desenvolvimento-1.jpg 850w, https:\/\/infinitipalmilhas.com.br\/wp-content\/uploads\/2023\/01\/desenvolvimento-1-300x200.jpg 300w, https:\/\/infinitipalmilhas.com.br\/wp-content\/uploads\/2023\/01\/desenvolvimento-1-768x512.jpg 768w, https:\/\/infinitipalmilhas.com.br\/wp-content\/uploads\/2023\/01\/desenvolvimento-1-360x240.jpg 360w, https:\/\/infinitipalmilhas.com.br\/wp-content\/uploads\/2023\/01\/desenvolvimento-1-272x182.jpg 272w\" sizes=\"auto, (max-width: 850px) 100vw, 850px\" \/><\/a><\/div><div id=\"panel-8131-0-0-1\" class=\"so-panel widget widget_media_image panel-last-child\" data-index=\"1\" ><a href=\"https:\/\/infinitipalmilhas.com.br\/wp-content\/uploads\/2023\/01\/analise.jpg\"><img loading=\"lazy\" decoding=\"async\" width=\"850\" height=\"567\" src=\"https:\/\/infinitipalmilhas.com.br\/wp-content\/uploads\/2023\/01\/analise.jpg\" class=\"image wp-image-7975  attachment-full size-full\" alt=\"\" style=\"max-width: 100%; height: auto;\" srcset=\"https:\/\/infinitipalmilhas.com.br\/wp-content\/uploads\/2023\/01\/analise.jpg 850w, https:\/\/infinitipalmilhas.com.br\/wp-content\/uploads\/2023\/01\/analise-300x200.jpg 300w, https:\/\/infinitipalmilhas.com.br\/wp-content\/uploads\/2023\/01\/analise-768x512.jpg 768w, https:\/\/infinitipalmilhas.com.br\/wp-content\/uploads\/2023\/01\/analise-360x240.jpg 360w, https:\/\/infinitipalmilhas.com.br\/wp-content\/uploads\/2023\/01\/analise-272x182.jpg 272w\" sizes=\"auto, (max-width: 850px) 100vw, 850px\" \/><\/a><\/div><\/div><div id=\"pgc-8131-0-1\"  class=\"panel-grid-cell\" ><div id=\"panel-8131-0-1-0\" class=\"so-panel widget widget_sow-editor panel-first-child\" data-index=\"2\" ><div\n\t\t\t\n\t\t\tclass=\"so-widget-sow-editor so-widget-sow-editor-base\"\n\t\t\t\n\t\t>\n<div class=\"siteorigin-widget-tinymce textwidget\">\n\t<div class=\"flex flex-grow flex-col gap-3\">\n<div class=\"min-h-[20px] flex flex-col items-start gap-4 whitespace-pre-wrap\">\n<div class=\"markdown prose w-full break-words dark:prose-invert light\">\n<p><strong>FASE 1:<\/strong><\/p>\n<p>Identificamos e analisamos\u00a0os pontos de press\u00e3o existentes na face plantar do paciente utilizando um equipamento chamado Baropod\u00f4metro. Este m\u00e9todo de avalia\u00e7\u00e3o, permite identificar de forma computadorizada as press\u00f5es plantares da sola dos p\u00e9s, com o indiv\u00edduo em p\u00e9, caminhando e parado. S\u00e3o gerados gr\u00e1ficos dessas press\u00f5es plantares, em todas as fases da marcha, desde o toque do calcanhar at\u00e9 o desprendimento do ded\u00e3o do p\u00e9 com o ch\u00e3o.<\/p>\n<p>A identifica\u00e7\u00e3o das zonas de press\u00e3o nos p\u00e9s do paciente \u00e9 fundamental para o desenvolvimento do melhor design da sua palmilha 3D sob medida.<\/p>\n<p>Agende agora uma avalia\u00e7\u00e3o e se beneficie de uma vida sem dor com as palmilhas mais tecnol\u00f3gicas do mercado!<\/p>\n<p>Infiniti Palmilhas<\/p>\n<\/div>\n<\/div>\n<\/div>\n<\/div>\n<\/div><\/div><div id=\"panel-8131-0-1-1\" class=\"so-panel widget widget_sow-button panel-last-child\" data-index=\"3\" ><div\n\t\t\t\n\t\t\tclass=\"so-widget-sow-button so-widget-sow-button-flat-c13b6912c499-8131\"\n\t\t\t\n\t\t><div class=\"ow-button-base ow-button-align-center\"\n>\n\t\t\t<a\n\t\t\t\t\thref=\"https:\/\/infinitipalmilhas.com.br\/index.php\/agendamento\/\"\n\t\t\t\t\tclass=\"sowb-button ow-icon-placement-left ow-button-hover\" \t>\n\t\t<span>\n\t\t\t\n\t\t\tAgende sua avalia\u00e7\u00e3o\t\t<\/span>\n\t\t\t<\/a>\n\t<\/div>\n<\/div><\/div><\/div><\/div><\/div>","protected":false},"excerpt":{"rendered":"<p>FASE 1:<\/p>\n<p>Identificamos e analisamos\u00a0os pontos de press\u00e3o existentes na face plantar do paciente utilizando um equipamento chamado Baropod\u00f4metro.<\/p>\n","protected":false},"author":1,"featured_media":7961,"parent":110,"menu_order":0,"comment_status":"closed","ping_status":"closed","template":"","meta":{"om_disable_all_campaigns":false,"_monsterinsights_skip_tracking":false,"_monsterinsights_sitenote_active":false,"_monsterinsights_sitenote_note":"","_monsterinsights_sitenote_category":0,"_uf_show_specific_survey":0,"_uf_disable_surveys":false,"footnotes":""},"class_list":["post-8131","page","type-page","status-publish","has-post-thumbnail","hentry"],"acf":[],"aioseo_notices":[],"_links":{"self":[{"href":"https:\/\/infinitipalmilhas.com.br\/index.php\/wp-json\/wp\/v2\/pages\/8131","targetHints":{"allow":["GET"]}}],"collection":[{"href":"https:\/\/infinitipalmilhas.com.br\/index.php\/wp-json\/wp\/v2\/pages"}],"about":[{"href":"https:\/\/infinitipalmilhas.com.br\/index.php\/wp-json\/wp\/v2\/types\/page"}],"author":[{"embeddable":true,"href":"https:\/\/infinitipalmilhas.com.br\/index.php\/wp-json\/wp\/v2\/users\/1"}],"replies":[{"embeddable":true,"href":"https:\/\/infinitipalmilhas.com.br\/index.php\/wp-json\/wp\/v2\/comments?post=8131"}],"version-history":[{"count":19,"href":"https:\/\/infinitipalmilhas.com.br\/index.php\/wp-json\/wp\/v2\/pages\/8131\/revisions"}],"predecessor-version":[{"id":8372,"href":"https:\/\/infinitipalmilhas.com.br\/index.php\/wp-json\/wp\/v2\/pages\/8131\/revisions\/8372"}],"up":[{"embeddable":true,"href":"https:\/\/infinitipalmilhas.com.br\/index.php\/wp-json\/wp\/v2\/pages\/110"}],"wp:featuredmedia":[{"embeddable":true,"href":"https:\/\/infinitipalmilhas.com.br\/index.php\/wp-json\/wp\/v2\/media\/7961"}],"wp:attachment":[{"href":"https:\/\/infinitipalmilhas.com.br\/index.php\/wp-json\/wp\/v2\/media?parent=8131"}],"curies":[{"name":"wp","href":"https:\/\/api.w.org\/{rel}","templated":true}]}}